{"id":130,"date":"2025-07-08T15:26:56","date_gmt":"2025-07-08T13:26:56","guid":{"rendered":"https:\/\/simonehertel.de\/?page_id=130"},"modified":"2025-09-21T11:28:45","modified_gmt":"2025-09-21T09:28:45","slug":"elementor-130","status":"publish","type":"page","link":"https:\/\/simonehertel.de\/?page_id=130","title":{"rendered":"\u00dcber mich"},"content":{"rendered":"\t\t<div data-elementor-type=\"wp-page\" data-elementor-id=\"130\" class=\"elementor elementor-130\">\n\t\t\t\t<div class=\"elementor-element elementor-element-ec59615 e-flex e-con-boxed e-con e-parent\" data-id=\"ec59615\" data-element_type=\"container\">\n\t\t\t\t\t<div class=\"e-con-inner\">\n\t\t\t\t<div class=\"elementor-element elementor-element-1a973d3 elementor-widget elementor-widget-text-editor\" data-id=\"1a973d3\" data-element_type=\"widget\" data-widget_type=\"text-editor.default\">\n\t\t\t\t\t\t\t\t\t<p>\u00a0<\/p><p>Hi, ich bin Simone.<\/p><p>Meine gro\u00dfe Leidenschaft ist die Fotografie. Seit Anfang der 2000er Jahre fotografiere ich vorwiegend nat\u00fcrliche Kinder- und Familienportraits. Eine Leidenschaft, die mich stetig wachsen lie\u00df und 2012 mit einer internationalen Auszeichnung des Bundes professioneller Fotografen f\u00fcr meine Kinderportraits gew\u00fcrdigt wurde.<\/p><p>Wichtig in meinen Bildern sind mir der besondere Ausdruck und die Emotionen sowie die Einzigartigkeit des Augenblicks \u2013 sei es durch ein ganz besonderes Licht oder eine wundervolle Kulisse, wie wir sie hier bei uns im Erzgebirge in so vielf\u00e4ltiger Art und Weise und zu jeder Jahreszeit haben.<\/p><p>Egal, ob bei wundervollem Sommerlicht in allen Nuancen mit interessanten Licht- und Schattenspielen oder auch im Winter, mitten in traumhaft verschneiten Kulissen, wie man sie sonst nicht mehr \u00fcberall findet.<\/p><p>Aber nicht nur im Erzgebirge faszinieren mich fotografisch besondere Orte. Nur eine knappe Stunde entfernt liegt Dresden, eine Stadt mit einzigartigem Flair. Mit ihrer Architektur, den kleinen verwinkelten Gassen und dem besonderen Licht wirkt sie oft wie eine Filmkulisse \u2013 und f\u00fchlt sich dabei an wie ein mediterraner Urlaubstag in Italien.<\/p><p>Wenn auch du Bilder suchst, die einmalig sind und pers\u00f6nliche Erinnerungen schaffen, die bleiben, freue ich mich auf dich.<\/p>\t\t\t\t\t\t\t\t<\/div>\n\t\t\t\t\t<\/div>\n\t\t\t\t<\/div>\n\t\t<div class=\"elementor-element elementor-element-308484e e-flex e-con-boxed e-con e-parent\" data-id=\"308484e\" data-element_type=\"container\">\n\t\t\t\t\t<div class=\"e-con-inner\">\n\t\t\t\t<div class=\"elementor-element elementor-element-cbf1c96 elementor-widget elementor-widget-image\" data-id=\"cbf1c96\" data-element_type=\"widget\" data-widget_type=\"image.default\">\n\t\t\t\t\t\t\t\t\t\t\t\t\t\t\t<img fetchpriority=\"high\" decoding=\"async\" width=\"768\" height=\"512\" src=\"http:\/\/simonehertel.de\/wp-content\/uploads\/2025\/06\/115-768x512.jpg\" class=\"attachment-medium_large size-medium_large wp-image-26\" alt=\"Simone Hertel Fotografin bei Shooting im Erzgebirge\" srcset=\"http:\/\/simonehertel.de\/wp-content\/uploads\/2025\/06\/115-768x512.jpg 768w, http:\/\/simonehertel.de\/wp-content\/uploads\/2025\/06\/115-300x200.jpg 300w, http:\/\/simonehertel.de\/wp-content\/uploads\/2025\/06\/115-1024x683.jpg 1024w, http:\/\/simonehertel.de\/wp-content\/uploads\/2025\/06\/115-1536x1024.jpg 1536w, http:\/\/simonehertel.de\/wp-content\/uploads\/2025\/06\/115-2048x1365.jpg 2048w\" sizes=\"(max-width: 768px) 100vw, 768px\" \/>\t\t\t\t\t\t\t\t\t\t\t\t\t\t\t<\/div>\n\t\t\t\t\t<\/div>\n\t\t\t\t<\/div>\n\t\t<div class=\"elementor-element elementor-element-4e4456b e-flex e-con-boxed e-con e-parent\" data-id=\"4e4456b\" data-element_type=\"container\">\n\t\t\t\t\t<div class=\"e-con-inner\">\n\t\t\t\t\t<\/div>\n\t\t\t\t<\/div>\n\t\t<div class=\"elementor-element elementor-element-c6622ce e-grid e-con-boxed e-con e-parent\" data-id=\"c6622ce\" data-element_type=\"container\">\n\t\t\t\t\t<div class=\"e-con-inner\">\n\t\t\t\t<div class=\"elementor-element elementor-element-3c82c45 elementor-view-default elementor-widget elementor-widget-icon\" data-id=\"3c82c45\" data-element_type=\"widget\" data-widget_type=\"icon.default\">\n\t\t\t\t\t\t\t<div class=\"elementor-icon-wrapper\">\n\t\t\t<a class=\"elementor-icon\" href=\"mailto:info@simonehertel.de\">\n\t\t\t<svg aria-hidden=\"true\" class=\"e-font-icon-svg e-far-envelope\" viewBox=\"0 0 512 512\" xmlns=\"http:\/\/www.w3.org\/2000\/svg\"><path d=\"M464 64H48C21.49 64 0 85.49 0 112v288c0 26.51 21.49 48 48 48h416c26.51 0 48-21.49 48-48V112c0-26.51-21.49-48-48-48zm0 48v40.805c-22.422 18.259-58.168 46.651-134.587 106.49-16.841 13.247-50.201 45.072-73.413 44.701-23.208.375-56.579-31.459-73.413-44.701C106.18 199.465 70.425 171.067 48 152.805V112h416zM48 400V214.398c22.914 18.251 55.409 43.862 104.938 82.646 21.857 17.205 60.134 55.186 103.062 54.955 42.717.231 80.509-37.199 103.053-54.947 49.528-38.783 82.032-64.401 104.947-82.653V400H48z\"><\/path><\/svg>\t\t\t<\/a>\n\t\t<\/div>\n\t\t\t\t\t\t<\/div>\n\t\t\t\t<div class=\"elementor-element elementor-element-11bcd46 elementor-view-default elementor-widget elementor-widget-icon\" data-id=\"11bcd46\" data-element_type=\"widget\" data-widget_type=\"icon.default\">\n\t\t\t\t\t\t\t<div class=\"elementor-icon-wrapper\">\n\t\t\t<a class=\"elementor-icon\" href=\"https:\/\/www.instagram.com\/simonehertel_fotografie\/\">\n\t\t\t<svg aria-hidden=\"true\" class=\"e-font-icon-svg e-fab-instagram\" viewBox=\"0 0 448 512\" xmlns=\"http:\/\/www.w3.org\/2000\/svg\"><path d=\"M224.1 141c-63.6 0-114.9 51.3-114.9 114.9s51.3 114.9 114.9 114.9S339 319.5 339 255.9 287.7 141 224.1 141zm0 189.6c-41.1 0-74.7-33.5-74.7-74.7s33.5-74.7 74.7-74.7 74.7 33.5 74.7 74.7-33.6 74.7-74.7 74.7zm146.4-194.3c0 14.9-12 26.8-26.8 26.8-14.9 0-26.8-12-26.8-26.8s12-26.8 26.8-26.8 26.8 12 26.8 26.8zm76.1 27.2c-1.7-35.9-9.9-67.7-36.2-93.9-26.2-26.2-58-34.4-93.9-36.2-37-2.1-147.9-2.1-184.9 0-35.8 1.7-67.6 9.9-93.9 36.1s-34.4 58-36.2 93.9c-2.1 37-2.1 147.9 0 184.9 1.7 35.9 9.9 67.7 36.2 93.9s58 34.4 93.9 36.2c37 2.1 147.9 2.1 184.9 0 35.9-1.7 67.7-9.9 93.9-36.2 26.2-26.2 34.4-58 36.2-93.9 2.1-37 2.1-147.8 0-184.8zM398.8 388c-7.8 19.6-22.9 34.7-42.6 42.6-29.5 11.7-99.5 9-132.1 9s-102.7 2.6-132.1-9c-19.6-7.8-34.7-22.9-42.6-42.6-11.7-29.5-9-99.5-9-132.1s-2.6-102.7 9-132.1c7.8-19.6 22.9-34.7 42.6-42.6 29.5-11.7 99.5-9 132.1-9s102.7-2.6 132.1 9c19.6 7.8 34.7 22.9 42.6 42.6 11.7 29.5 9 99.5 9 132.1s2.7 102.7-9 132.1z\"><\/path><\/svg>\t\t\t<\/a>\n\t\t<\/div>\n\t\t\t\t\t\t<\/div>\n\t\t\t\t<div class=\"elementor-element elementor-element-de13cb7 elementor-view-default elementor-widget elementor-widget-icon\" data-id=\"de13cb7\" data-element_type=\"widget\" data-widget_type=\"icon.default\">\n\t\t\t\t\t\t\t<div class=\"elementor-icon-wrapper\">\n\t\t\t<a class=\"elementor-icon\" href=\"tel:+4937298469357\">\n\t\t\t<svg aria-hidden=\"true\" class=\"e-font-icon-svg e-fas-phone-alt\" viewBox=\"0 0 512 512\" xmlns=\"http:\/\/www.w3.org\/2000\/svg\"><path d=\"M497.39 361.8l-112-48a24 24 0 0 0-28 6.9l-49.6 60.6A370.66 370.66 0 0 1 130.6 204.11l60.6-49.6a23.94 23.94 0 0 0 6.9-28l-48-112A24.16 24.16 0 0 0 122.6.61l-104 24A24 24 0 0 0 0 48c0 256.5 207.9 464 464 464a24 24 0 0 0 23.4-18.6l24-104a24.29 24.29 0 0 0-14.01-27.6z\"><\/path><\/svg>\t\t\t<\/a>\n\t\t<\/div>\n\t\t\t\t\t\t<\/div>\n\t\t\t\t\t<\/div>\n\t\t\t\t<\/div>\n\t\t\t\t<\/div>\n\t\t","protected":false},"excerpt":{"rendered":"<p>\u00a0 Hi, ich bin Simone. Meine gro\u00dfe Leidenschaft ist die Fotografie. Seit Anfang der 2000er Jahre fotografiere ich vorwiegend nat\u00fcrliche Kinder- und Familienportraits. Eine Leidenschaft, die mich stetig wachsen lie\u00df und 2012 mit einer internationalen Auszeichnung des Bundes professioneller Fotografen f\u00fcr meine Kinderportraits gew\u00fcrdigt wurde. Wichtig in meinen Bildern sind mir der besondere Ausdruck und [&hellip;]<\/p>\n","protected":false},"author":1,"featured_media":0,"parent":0,"menu_order":2,"comment_status":"closed","ping_status":"closed","template":"","meta":{"footnotes":""},"class_list":["post-130","page","type-page","status-publish","hentry"],"jetpack_sharing_enabled":true,"_links":{"self":[{"href":"https:\/\/simonehertel.de\/index.php?rest_route=\/wp\/v2\/pages\/130","targetHints":{"allow":["GET"]}}],"collection":[{"href":"https:\/\/simonehertel.de\/index.php?rest_route=\/wp\/v2\/pages"}],"about":[{"href":"https:\/\/simonehertel.de\/index.php?rest_route=\/wp\/v2\/types\/page"}],"author":[{"embeddable":true,"href":"https:\/\/simonehertel.de\/index.php?rest_route=\/wp\/v2\/users\/1"}],"replies":[{"embeddable":true,"href":"https:\/\/simonehertel.de\/index.php?rest_route=%2Fwp%2Fv2%2Fcomments&post=130"}],"version-history":[{"count":14,"href":"https:\/\/simonehertel.de\/index.php?rest_route=\/wp\/v2\/pages\/130\/revisions"}],"predecessor-version":[{"id":147,"href":"https:\/\/simonehertel.de\/index.php?rest_route=\/wp\/v2\/pages\/130\/revisions\/147"}],"wp:attachment":[{"href":"https:\/\/simonehertel.de\/index.php?rest_route=%2Fwp%2Fv2%2Fmedia&parent=130"}],"curies":[{"name":"wp","href":"https:\/\/api.w.org\/{rel}","templated":true}]}}

Über mich

<div data-elementor-type="wp-page" data-elementor-id="130" class="elementor elementor-130">
				<div class="elementor-element elementor-element-ec59615 e-flex e-con-boxed e-con e-parent" data-id="ec59615" data-element_type="container">
					<div class="e-con-inner">
				<div class="elementor-element elementor-element-1a973d3 elementor-widget elementor-widget-text-editor" data-id="1a973d3" data-element_type="widget" data-widget_type="text-editor.default">
									<p> </p><p>Hi, ich bin Simone.</p><p>Meine große Leidenschaft ist die Fotografie. Seit Anfang der 2000er Jahre fotografiere ich vorwiegend natürliche Kinder- und Familienportraits. Eine Leidenschaft, die mich stetig wachsen ließ und 2012 mit einer internationalen Auszeichnung des Bundes professioneller Fotografen für meine Kinderportraits gewürdigt wurde.</p><p>Wichtig in meinen Bildern sind mir der besondere Ausdruck und die Emotionen sowie die Einzigartigkeit des Augenblicks – sei es durch ein ganz besonderes Licht oder eine wundervolle Kulisse, wie wir sie hier bei uns im Erzgebirge in so vielfältiger Art und Weise und zu jeder Jahreszeit haben.</p><p>Egal, ob bei wundervollem Sommerlicht in allen Nuancen mit interessanten Licht- und Schattenspielen oder auch im Winter, mitten in traumhaft verschneiten Kulissen, wie man sie sonst nicht mehr überall findet.</p><p>Aber nicht nur im Erzgebirge faszinieren mich fotografisch besondere Orte. Nur eine knappe Stunde entfernt liegt Dresden, eine Stadt mit einzigartigem Flair. Mit ihrer Architektur, den kleinen verwinkelten Gassen und dem besonderen Licht wirkt sie oft wie eine Filmkulisse – und fühlt sich dabei an wie ein mediterraner Urlaubstag in Italien.</p><p>Wenn auch du Bilder suchst, die einmalig sind und persönliche Erinnerungen schaffen, die bleiben, freue ich mich auf dich.</p>								</div>
					</div>
				</div>
		<div class="elementor-element elementor-element-308484e e-flex e-con-boxed e-con e-parent" data-id="308484e" data-element_type="container">
					<div class="e-con-inner">
				<div class="elementor-element elementor-element-cbf1c96 elementor-widget elementor-widget-image" data-id="cbf1c96" data-element_type="widget" data-widget_type="image.default">
															<img fetchpriority="high" decoding="async" width="768" height="512" src="http://simonehertel.de/wp-content/uploads/2025/06/115-768x512.jpg" class="attachment-medium_large size-medium_large wp-image-26" alt="Simone Hertel Fotografin bei Shooting im Erzgebirge" srcset="http://simonehertel.de/wp-content/uploads/2025/06/115-768x512.jpg 768w, http://simonehertel.de/wp-content/uploads/2025/06/115-300x200.jpg 300w, http://simonehertel.de/wp-content/uploads/2025/06/115-1024x683.jpg 1024w, http://simonehertel.de/wp-content/uploads/2025/06/115-1536x1024.jpg 1536w, http://simonehertel.de/wp-content/uploads/2025/06/115-2048x1365.jpg 2048w" sizes="(max-width: 768px) 100vw, 768px" />															</div>
					</div>
				</div>
		<div class="elementor-element elementor-element-4e4456b e-flex e-con-boxed e-con e-parent" data-id="4e4456b" data-element_type="container">
					<div class="e-con-inner">
					</div>
				</div>
		<div class="elementor-element elementor-element-c6622ce e-grid e-con-boxed e-con e-parent" data-id="c6622ce" data-element_type="container">
					<div class="e-con-inner">
				<div class="elementor-element elementor-element-3c82c45 elementor-view-default elementor-widget elementor-widget-icon" data-id="3c82c45" data-element_type="widget" data-widget_type="icon.default">
							<div class="elementor-icon-wrapper">
			<a class="elementor-icon" href="mailto:info@simonehertel.de">
			<svg aria-hidden="true" class="e-font-icon-svg e-far-envelope" viewBox="0 0 512 512" xmlns="http://www.w3.org/2000/svg"><path d="M464 64H48C21.49 64 0 85.49 0 112v288c0 26.51 21.49 48 48 48h416c26.51 0 48-21.49 48-48V112c0-26.51-21.49-48-48-48zm0 48v40.805c-22.422 18.259-58.168 46.651-134.587 106.49-16.841 13.247-50.201 45.072-73.413 44.701-23.208.375-56.579-31.459-73.413-44.701C106.18 199.465 70.425 171.067 48 152.805V112h416zM48 400V214.398c22.914 18.251 55.409 43.862 104.938 82.646 21.857 17.205 60.134 55.186 103.062 54.955 42.717.231 80.509-37.199 103.053-54.947 49.528-38.783 82.032-64.401 104.947-82.653V400H48z"></path></svg>			</a>
		</div>
						</div>
				<div class="elementor-element elementor-element-11bcd46 elementor-view-default elementor-widget elementor-widget-icon" data-id="11bcd46" data-element_type="widget" data-widget_type="icon.default">
							<div class="elementor-icon-wrapper">
			<a class="elementor-icon" href="https://www.instagram.com/simonehertel_fotografie/">
			<svg aria-hidden="true" class="e-font-icon-svg e-fab-instagram" viewBox="0 0 448 512" xmlns="http://www.w3.org/2000/svg"><path d="M224.1 141c-63.6 0-114.9 51.3-114.9 114.9s51.3 114.9 114.9 114.9S339 319.5 339 255.9 287.7 141 224.1 141zm0 189.6c-41.1 0-74.7-33.5-74.7-74.7s33.5-74.7 74.7-74.7 74.7 33.5 74.7 74.7-33.6 74.7-74.7 74.7zm146.4-194.3c0 14.9-12 26.8-26.8 26.8-14.9 0-26.8-12-26.8-26.8s12-26.8 26.8-26.8 26.8 12 26.8 26.8zm76.1 27.2c-1.7-35.9-9.9-67.7-36.2-93.9-26.2-26.2-58-34.4-93.9-36.2-37-2.1-147.9-2.1-184.9 0-35.8 1.7-67.6 9.9-93.9 36.1s-34.4 58-36.2 93.9c-2.1 37-2.1 147.9 0 184.9 1.7 35.9 9.9 67.7 36.2 93.9s58 34.4 93.9 36.2c37 2.1 147.9 2.1 184.9 0 35.9-1.7 67.7-9.9 93.9-36.2 26.2-26.2 34.4-58 36.2-93.9 2.1-37 2.1-147.8 0-184.8zM398.8 388c-7.8 19.6-22.9 34.7-42.6 42.6-29.5 11.7-99.5 9-132.1 9s-102.7 2.6-132.1-9c-19.6-7.8-34.7-22.9-42.6-42.6-11.7-29.5-9-99.5-9-132.1s-2.6-102.7 9-132.1c7.8-19.6 22.9-34.7 42.6-42.6 29.5-11.7 99.5-9 132.1-9s102.7-2.6 132.1 9c19.6 7.8 34.7 22.9 42.6 42.6 11.7 29.5 9 99.5 9 132.1s2.7 102.7-9 132.1z"></path></svg>			</a>
		</div>
						</div>
				<div class="elementor-element elementor-element-de13cb7 elementor-view-default elementor-widget elementor-widget-icon" data-id="de13cb7" data-element_type="widget" data-widget_type="icon.default">
							<div class="elementor-icon-wrapper">
			<a class="elementor-icon" href="tel:+4937298469357">
			<svg aria-hidden="true" class="e-font-icon-svg e-fas-phone-alt" viewBox="0 0 512 512" xmlns="http://www.w3.org/2000/svg"><path d="M497.39 361.8l-112-48a24 24 0 0 0-28 6.9l-49.6 60.6A370.66 370.66 0 0 1 130.6 204.11l60.6-49.6a23.94 23.94 0 0 0 6.9-28l-48-112A24.16 24.16 0 0 0 122.6.61l-104 24A24 24 0 0 0 0 48c0 256.5 207.9 464 464 464a24 24 0 0 0 23.4-18.6l24-104a24.29 24.29 0 0 0-14.01-27.6z"></path></svg>			</a>
		</div>
						</div>
					</div>
				</div>
				</div>

<p>  Hi, ich bin Simone. Meine große Leidenschaft ist die Fotografie. Seit Anfang der 2000er Jahre fotografiere ich vorwiegend natürliche Kinder- und Familienportraits. Eine Leidenschaft, die mich stetig wachsen ließ und 2012 mit einer internationalen Auszeichnung des Bundes professioneller Fotografen für meine Kinderportraits gewürdigt wurde. Wichtig in meinen Bildern sind mir der besondere Ausdruck und [&hellip;]</p>
